{"id":2551,"date":"2025-11-07T18:36:02","date_gmt":"2025-11-07T18:36:02","guid":{"rendered":"https:\/\/v4mundim.com\/lagotela\/?page_id=2551"},"modified":"2025-11-10T22:13:14","modified_gmt":"2025-11-10T22:13:14","slug":"blog","status":"publish","type":"page","link":"https:\/\/v4mundim.com\/lagotela\/blog\/","title":{"rendered":"Blog"},"content":{"rendered":"\t\t<div data-elementor-type=\"wp-page\" data-elementor-id=\"2551\" class=\"elementor elementor-2551\" data-elementor-settings=\"{&quot;element_pack_global_tooltip_width&quot;:{&quot;unit&quot;:&quot;px&quot;,&quot;size&quot;:&quot;&quot;,&quot;sizes&quot;:[]},&quot;element_pack_global_tooltip_width_tablet&quot;:{&quot;unit&quot;:&quot;px&quot;,&quot;size&quot;:&quot;&quot;,&quot;sizes&quot;:[]},&quot;element_pack_global_tooltip_width_mobile&quot;:{&quot;unit&quot;:&quot;px&quot;,&quot;size&quot;:&quot;&quot;,&quot;sizes&quot;:[]},&quot;element_pack_global_tooltip_padding&quot;:{&quot;unit&quot;:&quot;px&quot;,&quot;top&quot;:&quot;&quot;,&quot;right&quot;:&quot;&quot;,&quot;bottom&quot;:&quot;&quot;,&quot;left&quot;:&quot;&quot;,&quot;isLinked&quot;:true},&quot;element_pack_global_tooltip_padding_tablet&quot;:{&quot;unit&quot;:&quot;px&quot;,&quot;top&quot;:&quot;&quot;,&quot;right&quot;:&quot;&quot;,&quot;bottom&quot;:&quot;&quot;,&quot;left&quot;:&quot;&quot;,&quot;isLinked&quot;:true},&quot;element_pack_global_tooltip_padding_mobile&quot;:{&quot;unit&quot;:&quot;px&quot;,&quot;top&quot;:&quot;&quot;,&quot;right&quot;:&quot;&quot;,&quot;bottom&quot;:&quot;&quot;,&quot;left&quot;:&quot;&quot;,&quot;isLinked&quot;:true},&quot;element_pack_global_tooltip_border_radius&quot;:{&quot;unit&quot;:&quot;px&quot;,&quot;top&quot;:&quot;&quot;,&quot;right&quot;:&quot;&quot;,&quot;bottom&quot;:&quot;&quot;,&quot;left&quot;:&quot;&quot;,&quot;isLinked&quot;:true},&quot;element_pack_global_tooltip_border_radius_tablet&quot;:{&quot;unit&quot;:&quot;px&quot;,&quot;top&quot;:&quot;&quot;,&quot;right&quot;:&quot;&quot;,&quot;bottom&quot;:&quot;&quot;,&quot;left&quot;:&quot;&quot;,&quot;isLinked&quot;:true},&quot;element_pack_global_tooltip_border_radius_mobile&quot;:{&quot;unit&quot;:&quot;px&quot;,&quot;top&quot;:&quot;&quot;,&quot;right&quot;:&quot;&quot;,&quot;bottom&quot;:&quot;&quot;,&quot;left&quot;:&quot;&quot;,&quot;isLinked&quot;:true}}\" data-elementor-post-type=\"page\">\n\t\t\t\t<div class=\"elementor-element elementor-element-90099f1 e-flex e-con-boxed e-con e-parent\" data-id=\"90099f1\" data-element_type=\"container\" data-e-type=\"container\" data-settings=\"{&quot;background_background&quot;:&quot;classic&quot;}\">\n\t\t\t\t\t<div class=\"e-con-inner\">\n\t\t<div class=\"elementor-element elementor-element-19891c4 e-con-full e-flex e-con e-child\" data-id=\"19891c4\" data-element_type=\"container\" data-e-type=\"container\">\n\t\t\t\t<div class=\"elementor-element elementor-element-a5401c5 elementor-widget elementor-widget-heading\" data-id=\"a5401c5\" data-element_type=\"widget\" data-e-type=\"widget\" data-widget_type=\"heading.default\">\n\t\t\t\t\t<h1 class=\"elementor-heading-title elementor-size-default\">Blog<\/h1>\t\t\t\t<\/div>\n\t\t\t\t<div class=\"elementor-element elementor-element-22e1bb3 elementor-widget-mobile__width-initial elementor-widget__width-initial elementor-widget elementor-widget-heading\" data-id=\"22e1bb3\" data-element_type=\"widget\" data-e-type=\"widget\" data-widget_type=\"heading.default\">\n\t\t\t\t\t<h3 class=\"elementor-heading-title elementor-size-default\">Confira as novidades da Lagotela<\/h3>\t\t\t\t<\/div>\n\t\t\t\t<\/div>\n\t\t\t\t\t<\/div>\n\t\t\t\t<\/div>\n\t\t<div class=\"elementor-element elementor-element-8f75021 e-flex e-con-boxed e-con e-parent\" data-id=\"8f75021\" data-element_type=\"container\" data-e-type=\"container\">\n\t\t\t\t\t<div class=\"e-con-inner\">\n\t\t<div class=\"elementor-element elementor-element-f174a11 e-con-full e-flex e-con e-child\" data-id=\"f174a11\" data-element_type=\"container\" data-e-type=\"container\">\n\t\t<div class=\"elementor-element elementor-element-6ce042d e-con-full e-flex e-con e-child\" data-id=\"6ce042d\" data-element_type=\"container\" data-e-type=\"container\">\n\t\t\t\t<div class=\"elementor-element elementor-element-ed48ca2 elementor-widget elementor-widget-bdt-post-grid\" data-id=\"ed48ca2\" data-element_type=\"widget\" data-e-type=\"widget\" data-settings=\"{&quot;columns&quot;:&quot;3&quot;,&quot;columns_tablet&quot;:&quot;2&quot;,&quot;columns_mobile&quot;:&quot;1&quot;}\" data-widget_type=\"bdt-post-grid.bdt-harold\">\n\t\t\t\t\t \n\t\t<div id=\"bdt-post-grid-ed48ca2\" class=\"bdt-post-grid bdt-post-grid-skin-harold\">\n\t  \t\t<div class=\"bdt-grid bdt-grid-medium bdt-grid-small\" data-bdt-grid=\"\">\n\n\t\t\t\t\t  \t\t\t\n\t\t  \t\t\t<div class=\" bdt-width-1-1@m bdt-width-1-1@s bdt-width-1-1 bdt-primary bdt-text-center\">\n\t\t\t\t\t\t\t\t<div class=\"bdt-post-grid-item bdt-transition-toggle bdt-position-relative bdt-box-shadow-small\">\t\t\t\t\t\t\t\t\n\t\t\t<div class=\"bdt-post-grid-img-wrap bdt-overflow-hidden\">\n\t\t\t\t<a href=\"https:\/\/v4mundim.com\/lagotela\/2025\/11\/07\/revenda-de-produtos-lagotela-vantagens-e-oportunidades-de-crescimento\/\" class=\"bdt-transition-scale-up bdt-background-cover bdt-transition-opaque bdt-flex\" title=\"Revenda de Produtos Lagotela: Vantagens e Oportunidades de Crescimento\" style=\"background-image: url(https:\/\/v4mundim.com\/lagotela\/wp-content\/uploads\/2025\/10\/image-2.png)\">\n  \t\t\t\t<\/a>\n\t\t\t<\/div>\n\t  \t\t\n\t  \t\t<div class=\"bdt-post-grid-desc bdt-padding\">\n\t\t\t\t<h2 class=\"bdt-post-grid-title\">\n\t\t\t\t<a href=\"https:\/\/v4mundim.com\/lagotela\/2025\/11\/07\/revenda-de-produtos-lagotela-vantagens-e-oportunidades-de-crescimento\/\" class=\"bdt-post-grid-link\" title=\"Revenda de Produtos Lagotela: Vantagens e Oportunidades de Crescimento\">\n\t\t\t\t\tRevenda de Produtos Lagotela: Vantagens e Oportunidades de Crescimento\n\t\t\t\t<\/a>\n\t\t\t<\/h2>\n\t\t\t\t\t\t<div class=\"bdt-post-grid-excerpt\">\n\t\t\t<p>Como a parceria com a Lagotela fortalece neg\u00f3cios e amplia resultados no setor de constru\u00e7\u00e3o e seguran\u00e7a Introdu\u00e7\u00e3o O mercado da constru\u00e7\u00e3o civil e da infraestrutura vem se modernizando rapidamente, impulsionado pela busca por solu\u00e7\u00f5es mais seguras e pr\u00e1ticas.Nesse contexto,<\/p>\n\t\t<\/div>\n\n\t\t\t\t\t\t\t\t\t<\/div>\n\n\t\t\t\t\t\t\t<div class=\"bdt-post-grid-meta bdt-subnav bdt-flex-inline bdt-flex-middle\">\n\t\t\t\t\t<span class=\"bdt-post-grid-author\"><a href=\"https:\/\/v4mundim.com\/lagotela\/author\/adminlagoadm\/\">adminlagoadm<\/a><\/span>\t\t\t\t\t<span class=\"bdt-post-grid-date\">novembro 7, 2025<\/span>\t\t\t\t\t\t\t\t\t\t\t\t\t\t<\/div>\n\t\t\t\n\t\t\t\t\t<div class=\"bdt-post-grid-category bdt-position-small bdt-position-top-right\">\n\t\t\t<a href=\"https:\/\/v4mundim.com\/lagotela\/category\/uncategorized\/\">Uncategorized<\/a>\t\t<\/div>\n\t\t\t\t<\/div>\n\t\t\t\t\t\t\t<\/div>\n\t\t\t\t\t  \t\t\t\n\t\t  \t\t\t<div class=\" bdt-width-1-3@m bdt-width-1-2@s bdt-width-1-1 bdt-secondary\">\n\t\t\t\t\t\t\t\t<div class=\"bdt-post-grid-item bdt-transition-toggle bdt-position-relative bdt-box-shadow-small\">\t\t\t\t\t\t\t\t\n\t\t\t<div class=\"bdt-post-grid-img-wrap bdt-overflow-hidden\">\n\t\t\t\t<a href=\"https:\/\/v4mundim.com\/lagotela\/2025\/11\/07\/reforco-estrutural-o-que-e-importancia-e-regulamentacao\/\" class=\"bdt-transition-scale-up bdt-background-cover bdt-transition-opaque bdt-flex\" title=\"Refor\u00e7o Estrutural: o que \u00e9, import\u00e2ncia e regulamenta\u00e7\u00e3o\" style=\"background-image: url(https:\/\/v4mundim.com\/lagotela\/wp-content\/uploads\/2025\/11\/WhatsApp-Image-2025-09-17-at-17.15.57-226x300.jpeg)\">\n  \t\t\t\t<\/a>\n\t\t\t<\/div>\n\t  \t\t\n\t  \t\t<div class=\"bdt-post-grid-desc bdt-padding\">\n\t\t\t\t<h2 class=\"bdt-post-grid-title\">\n\t\t\t\t<a href=\"https:\/\/v4mundim.com\/lagotela\/2025\/11\/07\/reforco-estrutural-o-que-e-importancia-e-regulamentacao\/\" class=\"bdt-post-grid-link\" title=\"Refor\u00e7o Estrutural: o que \u00e9, import\u00e2ncia e regulamenta\u00e7\u00e3o\">\n\t\t\t\t\tRefor\u00e7o Estrutural: o que \u00e9, import\u00e2ncia e regulamenta\u00e7\u00e3o\n\t\t\t\t<\/a>\n\t\t\t<\/h2>\n\t\t\t\t\t\t<div class=\"bdt-post-grid-excerpt\">\n\t\t\t<p>A seguran\u00e7a e a durabilidade das constru\u00e7\u00f5es dependem da integridade<\/p>\n\t\t<\/div>\n\n\t\t\t\t\t\t\t\t\t<\/div>\n\n\t\t\t\t\t\t\t<div class=\"bdt-post-grid-meta bdt-subnav bdt-flex-inline bdt-flex-middle\">\n\t\t\t\t\t<span class=\"bdt-post-grid-author\"><a href=\"https:\/\/v4mundim.com\/lagotela\/author\/adminlagoadm\/\">adminlagoadm<\/a><\/span>\t\t\t\t\t<span class=\"bdt-post-grid-date\">novembro 7, 2025<\/span>\t\t\t\t\t\t\t\t\t\t\t\t\t\t<\/div>\n\t\t\t\n\t\t\t\t\t<div class=\"bdt-post-grid-category bdt-position-small bdt-position-top-right\">\n\t\t\t<a href=\"https:\/\/v4mundim.com\/lagotela\/category\/uncategorized\/\">Uncategorized<\/a>\t\t<\/div>\n\t\t\t\t<\/div>\n\t\t\t\t\t\t\t<\/div>\n\t\t\t\t\t  \t\t\t\n\t\t  \t\t\t<div class=\" bdt-width-1-3@m bdt-width-1-2@s bdt-width-1-1 bdt-secondary\">\n\t\t\t\t\t\t\t\t<div class=\"bdt-post-grid-item bdt-transition-toggle bdt-position-relative bdt-box-shadow-small\">\t\t\t\t\t\t\t\t\n\t\t\t<div class=\"bdt-post-grid-img-wrap bdt-overflow-hidden\">\n\t\t\t\t<a href=\"https:\/\/v4mundim.com\/lagotela\/2025\/11\/07\/seguranca-em-primeiro-lugar-instalacao-de-guarda-corpo-lagotela-na-obra-da-ferrovia-rumo-no-sudeste-de-mato-grosso\/\" class=\"bdt-transition-scale-up bdt-background-cover bdt-transition-opaque bdt-flex\" title=\"Seguran\u00e7a em primeiro lugar: instala\u00e7\u00e3o de guarda-corpo Lagotela na obra da ferrovia Rumo no sudeste de Mato Grosso\" style=\"background-image: url(https:\/\/v4mundim.com\/lagotela\/wp-content\/uploads\/2025\/11\/amp-WhatsApp-Image-2024-08-15-at-14.04.32-300x169.jpeg)\">\n  \t\t\t\t<\/a>\n\t\t\t<\/div>\n\t  \t\t\n\t  \t\t<div class=\"bdt-post-grid-desc bdt-padding\">\n\t\t\t\t<h2 class=\"bdt-post-grid-title\">\n\t\t\t\t<a href=\"https:\/\/v4mundim.com\/lagotela\/2025\/11\/07\/seguranca-em-primeiro-lugar-instalacao-de-guarda-corpo-lagotela-na-obra-da-ferrovia-rumo-no-sudeste-de-mato-grosso\/\" class=\"bdt-post-grid-link\" title=\"Seguran\u00e7a em primeiro lugar: instala\u00e7\u00e3o de guarda-corpo Lagotela na obra da ferrovia Rumo no sudeste de Mato Grosso\">\n\t\t\t\t\tSeguran\u00e7a em primeiro lugar: instala\u00e7\u00e3o de guarda-corpo Lagotela na obra da ferrovia Rumo no sudeste de Mato Grosso\n\t\t\t\t<\/a>\n\t\t\t<\/h2>\n\t\t\t\t\t\t<div class=\"bdt-post-grid-excerpt\">\n\t\t\t<p>Tecnologia, seguran\u00e7a e conformidade nas obras que impulsionam o desenvolvimento<\/p>\n\t\t<\/div>\n\n\t\t\t\t\t\t\t\t\t<\/div>\n\n\t\t\t\t\t\t\t<div class=\"bdt-post-grid-meta bdt-subnav bdt-flex-inline bdt-flex-middle\">\n\t\t\t\t\t<span class=\"bdt-post-grid-author\"><a href=\"https:\/\/v4mundim.com\/lagotela\/author\/adminlagoadm\/\">adminlagoadm<\/a><\/span>\t\t\t\t\t<span class=\"bdt-post-grid-date\">novembro 7, 2025<\/span>\t\t\t\t\t\t\t\t\t\t\t\t\t\t<\/div>\n\t\t\t\n\t\t\t\t\t<div class=\"bdt-post-grid-category bdt-position-small bdt-position-top-right\">\n\t\t\t<a href=\"https:\/\/v4mundim.com\/lagotela\/category\/uncategorized\/\">Uncategorized<\/a>\t\t<\/div>\n\t\t\t\t<\/div>\n\t\t\t\t\t\t\t<\/div>\n\t\t\t\t\t  \t\t\t\n\t\t  \t\t\t<div class=\" bdt-width-1-3@m bdt-width-1-2@s bdt-width-1-1 bdt-secondary\">\n\t\t\t\t\t\t\t\t<div class=\"bdt-post-grid-item bdt-transition-toggle bdt-position-relative bdt-box-shadow-small\">\t\t\t\t\t\t\t\t\n\t\t\t<div class=\"bdt-post-grid-img-wrap bdt-overflow-hidden\">\n\t\t\t\t<a href=\"https:\/\/v4mundim.com\/lagotela\/2025\/08\/23\/hello-world\/\" class=\"bdt-transition-scale-up bdt-background-cover bdt-transition-opaque bdt-flex\" title=\"Por que usar a Lagotela Protege na sua empresa\" style=\"background-image: url(https:\/\/v4mundim.com\/lagotela\/wp-content\/uploads\/2025\/08\/IMG-20240729-WA0030-1-225x300.jpg)\">\n  \t\t\t\t<\/a>\n\t\t\t<\/div>\n\t  \t\t\n\t  \t\t<div class=\"bdt-post-grid-desc bdt-padding\">\n\t\t\t\t<h2 class=\"bdt-post-grid-title\">\n\t\t\t\t<a href=\"https:\/\/v4mundim.com\/lagotela\/2025\/08\/23\/hello-world\/\" class=\"bdt-post-grid-link\" title=\"Por que usar a Lagotela Protege na sua empresa\">\n\t\t\t\t\tPor que usar a Lagotela Protege na sua empresa\n\t\t\t\t<\/a>\n\t\t\t<\/h2>\n\t\t\t\t\t\t<div class=\"bdt-post-grid-excerpt\">\n\t\t\t<p>A inova\u00e7\u00e3o que une seguran\u00e7a, praticidade e economia no cercamento<\/p>\n\t\t<\/div>\n\n\t\t\t\t\t\t\t\t\t<\/div>\n\n\t\t\t\t\t\t\t<div class=\"bdt-post-grid-meta bdt-subnav bdt-flex-inline bdt-flex-middle\">\n\t\t\t\t\t<span class=\"bdt-post-grid-author\"><a href=\"https:\/\/v4mundim.com\/lagotela\/author\/adminlagoadm\/\">adminlagoadm<\/a><\/span>\t\t\t\t\t<span class=\"bdt-post-grid-date\">agosto 23, 2025<\/span>\t\t\t\t\t\t\t\t\t\t\t\t\t\t<\/div>\n\t\t\t\n\t\t\t\t\t<div class=\"bdt-post-grid-category bdt-position-small bdt-position-top-right\">\n\t\t\t<a href=\"https:\/\/v4mundim.com\/lagotela\/category\/uncategorized\/\">Uncategorized<\/a>\t\t<\/div>\n\t\t\t\t<\/div>\n\t\t\t\t\t\t\t<\/div>\n\t\t\t\t\t\t\t<\/div>\n\t\t<\/div>\t\n \t\t\t\t\t\t<\/div>\n\t\t\t\t<\/div>\n\t\t<div class=\"elementor-element elementor-element-a1cacf1 e-con-full e-flex e-con e-child\" data-id=\"a1cacf1\" data-element_type=\"container\" data-e-type=\"container\">\n\t\t\t\t<div class=\"elementor-element elementor-element-51548e8 elementor-widget elementor-widget-heading\" data-id=\"51548e8\" data-element_type=\"widget\" data-e-type=\"widget\" data-widget_type=\"heading.default\">\n\t\t\t\t\t<h2 class=\"elementor-heading-title elementor-size-default\">Posts recentes<\/h2>\t\t\t\t<\/div>\n\t\t\t\t<div class=\"elementor-element elementor-element-c0ea115 bdt-has-divider--yes elementor-widget elementor-widget-bdt-post-list\" data-id=\"c0ea115\" data-element_type=\"widget\" data-e-type=\"widget\" data-widget_type=\"bdt-post-list.default\">\n\t\t\t\t\t\t\t<div class=\"bdt-post-list-wrap\" data-show-hide=\"{&quot;show_title&quot;:&quot;yes&quot;,&quot;show_category&quot;:&quot;yes&quot;,&quot;show_image&quot;:&quot;yes&quot;,&quot;show_date&quot;:&quot;yes&quot;,&quot;human_diff_time_short&quot;:&quot;no&quot;}\">\n\t\t\t\t\t\t<div class=\"bdt-post-list\" id=\"bdt-post-list-c0ea115\" data-settings=\"{&quot;taxonomy&quot;:&quot;category&quot;,&quot;post-type&quot;:&quot;post&quot;,&quot;order&quot;:&quot;desc&quot;,&quot;orderby&quot;:&quot;date&quot;,&quot;posts_per_page&quot;:6}\">\n\t\t\t\t\t\t\t\t\t\t\n\t\t\t\t\t<div class=\"bdt-item-wrap bdt-flex\">\n\t\t\t\t\t\t<div class=\"bdt-item bdt-flex bdt-flex-middle\">\n\t\t\t\t\t\t\t\n\t\t\t\t\t\t\t\t\t\t\t\t\t\t<div class=\"bdt-image bdt-flex\">\n\t\t\t\t\t\t\t\t<a href=\"https:\/\/v4mundim.com\/lagotela\/2025\/11\/07\/revenda-de-produtos-lagotela-vantagens-e-oportunidades-de-crescimento\/\"\n\t\t\t\t\t\t\t\t\ttitle=\"Revenda de Produtos Lagotela: Vantagens e Oportunidades de Crescimento\">\n\t\t\t\t\t\t\t\t\t<img decoding=\"async\" width=\"150\" height=\"150\" src=\"https:\/\/v4mundim.com\/lagotela\/wp-content\/uploads\/2025\/10\/image-2-150x150.png\" class=\"attachment-thumbnail size-thumbnail\" alt=\"Revenda de Produtos Lagotela: Vantagens e Oportunidades de Crescimento\" \/>\t\t\t\t\t\t\t\t<\/a>\n\t\t\t\t\t\t\t<\/div>\n\t\t\t\t\t\t\t\n\t\t\t\t\t\t\t<div class=\"bdt-content\">\n\t\t\t\t\t\t\t\t\t\t\t\t\t\t\t\t\t<h4\t\t\t\t\t\t\t\t\t\tclass=\"bdt-title\">\n\t\t\t\t\t\t\t\t\t\t<a href=\"https:\/\/v4mundim.com\/lagotela\/2025\/11\/07\/revenda-de-produtos-lagotela-vantagens-e-oportunidades-de-crescimento\/\" class=\"bdt-link\"\n\t\t\t\t\t\t\t\t\t\t\ttitle=\"Revenda de Produtos Lagotela: Vantagens e Oportunidades de Crescimento\">\n\t\t\t\t\t\t\t\t\t\t\tRevenda de Produtos Lagotela: Vantagens e Oportunidades de Crescimento\t\t\t\t\t\t\t\t\t\t<\/a>\n\t\t\t\t\t\t\t\t\t<\/h4>\n\t\t\t\t\t\t\t\t\n\t\t\t\t\t\t\t\t\n\t\t\t\t\t\t\t\t\t<div class=\"bdt-meta bdt-subnav bdt-flex-middle\">\n\t\t\t\t\t\t\t\t\t\t<span>novembro 7, 2025<\/span>\t\t\t\t\t\t\t\t\t\t\t\t\t\t\t\t\t\t\t\t\t\t\t<span>\n\t\t\t<a href=\"https:\/\/v4mundim.com\/lagotela\/category\/uncategorized\/\">Uncategorized<\/a>\t\t<\/span>\n\t\t\t\t\t\t\t\t\t\t\t\t\n\t\t\t\t\t\t\t\t\t<\/div>\n\n\t\t\t\t\t\t\t\t\t\t\t\t\t\t\t<\/div>\n\t\t\t\t\t\t<\/div>\n\t\t\t\t\t<\/div>\n\t\t\t\t\t\t\t\t\t\t\n\t\t\t\t\t<div class=\"bdt-item-wrap bdt-flex\">\n\t\t\t\t\t\t<div class=\"bdt-item bdt-flex bdt-flex-middle\">\n\t\t\t\t\t\t\t\n\t\t\t\t\t\t\t\t\t\t\t\t\t\t<div class=\"bdt-image bdt-flex\">\n\t\t\t\t\t\t\t\t<a href=\"https:\/\/v4mundim.com\/lagotela\/2025\/11\/07\/reforco-estrutural-o-que-e-importancia-e-regulamentacao\/\"\n\t\t\t\t\t\t\t\t\ttitle=\"Refor\u00e7o Estrutural: o que \u00e9, import\u00e2ncia e regulamenta\u00e7\u00e3o\">\n\t\t\t\t\t\t\t\t\t<img decoding=\"async\" width=\"150\" height=\"150\" src=\"https:\/\/v4mundim.com\/lagotela\/wp-content\/uploads\/2025\/11\/WhatsApp-Image-2025-09-17-at-17.15.57-150x150.jpeg\" class=\"attachment-thumbnail size-thumbnail\" alt=\"Refor\u00e7o Estrutural: o que \u00e9, import\u00e2ncia e regulamenta\u00e7\u00e3o\" srcset=\"https:\/\/v4mundim.com\/lagotela\/wp-content\/uploads\/2025\/11\/WhatsApp-Image-2025-09-17-at-17.15.57-150x150.jpeg 150w, https:\/\/v4mundim.com\/lagotela\/wp-content\/uploads\/2025\/11\/WhatsApp-Image-2025-09-17-at-17.15.57-700x700.jpeg 700w\" sizes=\"(max-width: 150px) 100vw, 150px\" \/>\t\t\t\t\t\t\t\t<\/a>\n\t\t\t\t\t\t\t<\/div>\n\t\t\t\t\t\t\t\n\t\t\t\t\t\t\t<div class=\"bdt-content\">\n\t\t\t\t\t\t\t\t\t\t\t\t\t\t\t\t\t<h4\t\t\t\t\t\t\t\t\t\tclass=\"bdt-title\">\n\t\t\t\t\t\t\t\t\t\t<a href=\"https:\/\/v4mundim.com\/lagotela\/2025\/11\/07\/reforco-estrutural-o-que-e-importancia-e-regulamentacao\/\" class=\"bdt-link\"\n\t\t\t\t\t\t\t\t\t\t\ttitle=\"Refor\u00e7o Estrutural: o que \u00e9, import\u00e2ncia e regulamenta\u00e7\u00e3o\">\n\t\t\t\t\t\t\t\t\t\t\tRefor\u00e7o Estrutural: o que \u00e9, import\u00e2ncia e regulamenta\u00e7\u00e3o\t\t\t\t\t\t\t\t\t\t<\/a>\n\t\t\t\t\t\t\t\t\t<\/h4>\n\t\t\t\t\t\t\t\t\n\t\t\t\t\t\t\t\t\n\t\t\t\t\t\t\t\t\t<div class=\"bdt-meta bdt-subnav bdt-flex-middle\">\n\t\t\t\t\t\t\t\t\t\t<span>novembro 7, 2025<\/span>\t\t\t\t\t\t\t\t\t\t\t\t\t\t\t\t\t\t\t\t\t\t\t<span>\n\t\t\t<a href=\"https:\/\/v4mundim.com\/lagotela\/category\/uncategorized\/\">Uncategorized<\/a>\t\t<\/span>\n\t\t\t\t\t\t\t\t\t\t\t\t\n\t\t\t\t\t\t\t\t\t<\/div>\n\n\t\t\t\t\t\t\t\t\t\t\t\t\t\t\t<\/div>\n\t\t\t\t\t\t<\/div>\n\t\t\t\t\t<\/div>\n\t\t\t\t\t\t\t\t\t\t\n\t\t\t\t\t<div class=\"bdt-item-wrap bdt-flex\">\n\t\t\t\t\t\t<div class=\"bdt-item bdt-flex bdt-flex-middle\">\n\t\t\t\t\t\t\t\n\t\t\t\t\t\t\t\t\t\t\t\t\t\t<div class=\"bdt-image bdt-flex\">\n\t\t\t\t\t\t\t\t<a href=\"https:\/\/v4mundim.com\/lagotela\/2025\/11\/07\/seguranca-em-primeiro-lugar-instalacao-de-guarda-corpo-lagotela-na-obra-da-ferrovia-rumo-no-sudeste-de-mato-grosso\/\"\n\t\t\t\t\t\t\t\t\ttitle=\"Seguran\u00e7a em primeiro lugar: instala\u00e7\u00e3o de guarda-corpo Lagotela na obra da ferrovia Rumo no sudeste de Mato Grosso\">\n\t\t\t\t\t\t\t\t\t<img decoding=\"async\" width=\"150\" height=\"150\" src=\"https:\/\/v4mundim.com\/lagotela\/wp-content\/uploads\/2025\/11\/amp-WhatsApp-Image-2024-08-15-at-14.04.32-150x150.jpeg\" class=\"attachment-thumbnail size-thumbnail\" alt=\"Seguran\u00e7a em primeiro lugar: instala\u00e7\u00e3o de guarda-corpo Lagotela na obra da ferrovia Rumo no sudeste de Mato Grosso\" \/>\t\t\t\t\t\t\t\t<\/a>\n\t\t\t\t\t\t\t<\/div>\n\t\t\t\t\t\t\t\n\t\t\t\t\t\t\t<div class=\"bdt-content\">\n\t\t\t\t\t\t\t\t\t\t\t\t\t\t\t\t\t<h4\t\t\t\t\t\t\t\t\t\tclass=\"bdt-title\">\n\t\t\t\t\t\t\t\t\t\t<a href=\"https:\/\/v4mundim.com\/lagotela\/2025\/11\/07\/seguranca-em-primeiro-lugar-instalacao-de-guarda-corpo-lagotela-na-obra-da-ferrovia-rumo-no-sudeste-de-mato-grosso\/\" class=\"bdt-link\"\n\t\t\t\t\t\t\t\t\t\t\ttitle=\"Seguran\u00e7a em primeiro lugar: instala\u00e7\u00e3o de guarda-corpo Lagotela na obra da ferrovia Rumo no sudeste de Mato Grosso\">\n\t\t\t\t\t\t\t\t\t\t\tSeguran\u00e7a em primeiro lugar: instala\u00e7\u00e3o de guarda-corpo Lagotela na obra da ferrovia Rumo no sudeste de Mato Grosso\t\t\t\t\t\t\t\t\t\t<\/a>\n\t\t\t\t\t\t\t\t\t<\/h4>\n\t\t\t\t\t\t\t\t\n\t\t\t\t\t\t\t\t\n\t\t\t\t\t\t\t\t\t<div class=\"bdt-meta bdt-subnav bdt-flex-middle\">\n\t\t\t\t\t\t\t\t\t\t<span>novembro 7, 2025<\/span>\t\t\t\t\t\t\t\t\t\t\t\t\t\t\t\t\t\t\t\t\t\t\t<span>\n\t\t\t<a href=\"https:\/\/v4mundim.com\/lagotela\/category\/uncategorized\/\">Uncategorized<\/a>\t\t<\/span>\n\t\t\t\t\t\t\t\t\t\t\t\t\n\t\t\t\t\t\t\t\t\t<\/div>\n\n\t\t\t\t\t\t\t\t\t\t\t\t\t\t\t<\/div>\n\t\t\t\t\t\t<\/div>\n\t\t\t\t\t<\/div>\n\t\t\t\t\t\t\t\t\t\t\n\t\t\t\t\t<div class=\"bdt-item-wrap bdt-flex\">\n\t\t\t\t\t\t<div class=\"bdt-item bdt-flex bdt-flex-middle\">\n\t\t\t\t\t\t\t\n\t\t\t\t\t\t\t\t\t\t\t\t\t\t<div class=\"bdt-image bdt-flex\">\n\t\t\t\t\t\t\t\t<a href=\"https:\/\/v4mundim.com\/lagotela\/2025\/08\/23\/hello-world\/\"\n\t\t\t\t\t\t\t\t\ttitle=\"Por que usar a Lagotela Protege na sua empresa\">\n\t\t\t\t\t\t\t\t\t<img loading=\"lazy\" decoding=\"async\" width=\"150\" height=\"150\" src=\"https:\/\/v4mundim.com\/lagotela\/wp-content\/uploads\/2025\/08\/IMG-20240729-WA0030-1-150x150.jpg\" class=\"attachment-thumbnail size-thumbnail\" alt=\"Por que usar a Lagotela Protege na sua empresa\" srcset=\"https:\/\/v4mundim.com\/lagotela\/wp-content\/uploads\/2025\/08\/IMG-20240729-WA0030-1-150x150.jpg 150w, https:\/\/v4mundim.com\/lagotela\/wp-content\/uploads\/2025\/08\/IMG-20240729-WA0030-1-700x700.jpg 700w\" sizes=\"(max-width: 150px) 100vw, 150px\" \/>\t\t\t\t\t\t\t\t<\/a>\n\t\t\t\t\t\t\t<\/div>\n\t\t\t\t\t\t\t\n\t\t\t\t\t\t\t<div class=\"bdt-content\">\n\t\t\t\t\t\t\t\t\t\t\t\t\t\t\t\t\t<h4\t\t\t\t\t\t\t\t\t\tclass=\"bdt-title\">\n\t\t\t\t\t\t\t\t\t\t<a href=\"https:\/\/v4mundim.com\/lagotela\/2025\/08\/23\/hello-world\/\" class=\"bdt-link\"\n\t\t\t\t\t\t\t\t\t\t\ttitle=\"Por que usar a Lagotela Protege na sua empresa\">\n\t\t\t\t\t\t\t\t\t\t\tPor que usar a Lagotela Protege na sua empresa\t\t\t\t\t\t\t\t\t\t<\/a>\n\t\t\t\t\t\t\t\t\t<\/h4>\n\t\t\t\t\t\t\t\t\n\t\t\t\t\t\t\t\t\n\t\t\t\t\t\t\t\t\t<div class=\"bdt-meta bdt-subnav bdt-flex-middle\">\n\t\t\t\t\t\t\t\t\t\t<span>agosto 23, 2025<\/span>\t\t\t\t\t\t\t\t\t\t\t\t\t\t\t\t\t\t\t\t\t\t\t<span>\n\t\t\t<a href=\"https:\/\/v4mundim.com\/lagotela\/category\/uncategorized\/\">Uncategorized<\/a>\t\t<\/span>\n\t\t\t\t\t\t\t\t\t\t\t\t\n\t\t\t\t\t\t\t\t\t<\/div>\n\n\t\t\t\t\t\t\t\t\t\t\t\t\t\t\t<\/div>\n\t\t\t\t\t\t<\/div>\n\t\t\t\t\t<\/div>\n\t\t\t\t\t\t\t\t\t\t\t\t\n\t\t\t\t<!-- GRADIENT SPINNER -->\n\t\t\t\t<div id=\"bdt-loading-image\" style=\"display: none;\">\n\t\t\t\t\t<div class=\"bdt-spinner-box\">\n\t\t\t\t\t<div class=\"bdt-circle-border\">\n\t\t\t\t\t\t<div class=\"bdt-circle-core\"><\/div>\n\t\t\t\t\t<\/div>  \n\t\t\t\t\t<\/div>\n\t\t\t\t<\/div>\n\t\t\t\t<!-- GRADIENT SPINNER -->\n\t\t\t\t\n\t\t\t<\/div>\n\t\t<\/div>\n\n\t\t\t\t\t\t\t<\/div>\n\t\t\t\t<\/div>\n\t\t\t\t<\/div>\n\t\t\t\t\t<\/div>\n\t\t\t\t<\/div>\n\t\t\t\t<\/div>\n\t\t","protected":false},"excerpt":{"rendered":"<p>Blog Confira as novidades da Lagotela Revenda de Produtos Lagotela: Vantagens e Oportunidades de Crescimento Como a parceria com a Lagotela fortalece neg\u00f3cios e amplia resultados no setor de constru\u00e7\u00e3o e seguran\u00e7a Introdu\u00e7\u00e3o O mercado da constru\u00e7\u00e3o civil e da infraestrutura vem se modernizando rapidamente, impulsionado pela busca por solu\u00e7\u00f5es mais seguras e pr\u00e1ticas.Nesse contexto, [&hellip;]<\/p>\n","protected":false},"author":1,"featured_media":0,"parent":0,"menu_order":0,"comment_status":"closed","ping_status":"closed","template":"","meta":{"footnotes":""},"class_list":["post-2551","page","type-page","status-publish","hentry"],"_links":{"self":[{"href":"https:\/\/v4mundim.com\/lagotela\/wp-json\/wp\/v2\/pages\/2551","targetHints":{"allow":["GET"]}}],"collection":[{"href":"https:\/\/v4mundim.com\/lagotela\/wp-json\/wp\/v2\/pages"}],"about":[{"href":"https:\/\/v4mundim.com\/lagotela\/wp-json\/wp\/v2\/types\/page"}],"author":[{"embeddable":true,"href":"https:\/\/v4mundim.com\/lagotela\/wp-json\/wp\/v2\/users\/1"}],"replies":[{"embeddable":true,"href":"https:\/\/v4mundim.com\/lagotela\/wp-json\/wp\/v2\/comments?post=2551"}],"version-history":[{"count":0,"href":"https:\/\/v4mundim.com\/lagotela\/wp-json\/wp\/v2\/pages\/2551\/revisions"}],"wp:attachment":[{"href":"https:\/\/v4mundim.com\/lagotela\/wp-json\/wp\/v2\/media?parent=2551"}],"curies":[{"name":"wp","href":"https:\/\/api.w.org\/{rel}","templated":true}]}}